153441?
-152640
In base 10, what is 10665 - -5260?
15925
In base 3, what is 100 - -121212220120111?
121212220120211
In base 13, what is 41c + 318?
737
In base 9, what is -14123 - -502?
-13521
In base 4, what is 11013230033010 + -11?
11013230032333
In base 4, what is -123013001220310 + 0?
-123013001220310
In base 4, what is -1121301302 - -12013?
-1121223223
In base 10, what is 2 - 3878578?
-3878576
In base 13, what is 119025 - 20b?
118b17
In base 13, what is -24c3a - 114?
-25051
In base 15, what is -e5 + dec3c?
deb47
In base 12, what is 21 - -144659?
14467a
In base 11, what is 18 - -1311a03?
1311a20
In base 16, what is -195e - 8be?
-221c
In base 6, what is -4024541415 + 2?
-4024541413
In base 9, what is 4128 - -714?
4843
In base 7, what is -2254 + -13042?
-15326
In base 10, what is 687302719 - 2?
687302717
In base 16, what is 2c59 + -101?
2b58
In base 3, what is 212002112000222 - -12?
212002112001011
In base 2, what is -1 + 11011100011001011011000001?
11011100011001011011000000
In base 5, what is 1124023 + -101043?
1022430
In base 12, what is 397269 - -7?
397274
In base 12, what is -15 + -509b3?
-50a08
In base 7, what is 12020 - 13043?
-1023
In base 16, what is 1e34 - 220?
1c14
In base 10, what is -51134 + -6257?
-57391
In base 13, what is -8bba3155 - 1?
-8bba3156
In base 11, what is -7922405 - 5?
-792240a
In base 3, what is -1120212002010102 - 12?
-1120212002010121
In base 12, what is 5 - -4883721?
4883726
In base 7, what is -216316114 - -24?
-216316060
In base 16, what is -1c5ef - -b5?
-1c53a
In base 15, what is -31bc7 - -71b?
-314ab
In base 4, what is -20232102 + 10010031?
-10222011
In base 3, what is -20110122021 + 1111002?
-20102011012
In base 2, what is -10101100010001100111101 + 1?
-10101100010001100111100
In base 12, what is 8 - 312221?
-312215
In base 8, what is -2 - 376560515?
-376560517
In base 7, what is 60115 - -3550?
63665
In base 8, what is 7451653104 - 3?
7451653101
In base 8, what is -2554 + -333361?
-336135
In base 14, what is 106c0aa - -4?
106c0b0
In base 15, what is 6d2 + 5dd8?
65ba
In base 16, what is -ddb - -9009?
822e
In base 15, what is 6056 + 193?
61e9
In base 12, what is -1b61 + -674?
-2615
In base 8, what is -37576645 - -123?
-37576522
In base 12, what is 7b3867 - 9?
7b385a
In base 10, what is -476949 - 7?
-476956
In base 12, what is 1 + -5645a04?
-5645a03
In base 14, what is 3 - -511434?
511437
In base 15, what is 589 + 41e94?
4252d
In base 6, what is 21235545 - 2355?
21233150
In base 11, what is 6a78 - 6116?
962
In base 14, what is -1a7 - -22481?
222b8
In base 5, what is 242314313 + 3133?
242323001
In base 13, what is 14 + -a394c05?
-a394bc1
In base 12, what is 4 - a511793?
-a51178b
In base 8, what is 23 + 1324573?
1324616
In base 8, what is -54 + -2123733?
-2124007
In base 4, what is 121202002 - -101010?
121303012
In base 3, what is 1112212201010101 - 111?
1112212201002220
In base 10, what is 612473 + 189?
612662
In base 14, what is -14d188 + -a?
-14d194
In base 9, what is -181 + 47646?
47455
In base 11, what is -102 - 7a807?
-7a909
In base 6, what is 421025114 - -4?
421025122
In base 8, what is 6475 - 5417?
1056
In base 4, what is -10310311 - -2013333?
-2230312
In base 16, what is 2cbb - 1380?
193b
In base 11, what is 1a + 1006a31?
1006a50
In base 5, what is -2 + 144414434021?
144414434014
In base 8, what is -1 + -3576726?
-3576727
In base 5, what is -34423133 - -1?
-34423132
In base 7, what is 1 - 505035443?
-505035442
In base 7, what is -5 + 15202006?
15202001
In base 11, what is -8 - 36441205?
-36441212
In base 12, what is -1 - -5572ab3?
5572ab2
In base 14, what is 135124 - 60d?
134915
In base 2, what is -10100010001110010100110011011 + 100?
-10100010001110010100110010111
In base 15, what is -4b50c + 0?
-4b50c
In base 7, what is -2264 - 1063600?
-1066164
In base 8, what is 3622 - 167227?
-163405
In base 11, what is -6a88 - 0?
-6a88
In base 12, what is -5712 - 9733?
-13245
In base 6, what is 4 - -3435023332?
3435023340
In base 7, what is -4 - 25621453?
-25621460
In base 10, what is -7348118 + 0?
-7348118
In base 12, what is 13355 - 5445?
9b10
In base 7, what is -633530 + 32161?
-601336
In base 2, what is 100110011101000110 + 1110?
100110011101010100
In base 13, what is 4 + b2c0c3?
b2c0c7
In base 10, what is -6408 + 940?
-5468
In base 16, what is -2fe98bc5 + 4?
-2fe98bc1
In base 11, what is -2 + 16994840?
16994839
In base 11, what is 5962a4 - -3?
5962a7
In base 14, what is -d - 15753cb?
-15753da
In base 8, what is -3735703 - -5?
-3735676
In base 6, what is 113153201 - 5?
113153152
In base 12, what is 656 + aba32?
b0488
In base 13, what is 10 - -a6894?
a68a4
In base 10, what is 162 - 82936?
-82774
In base 12, what is 3 + 4a34953?
4a34956
In base 4, what is -32 + -11031013022?
-11031013120
In base 4, what is -10 - -1101323300121?
1101323300111
In base 14, what is 2 - a88606?
-a88604
In base 5, what is 1 + 14304012204?
14304012210
In base 3, what is 11 - -10002020201111100?
10002020201111111
In base 8, what is 16441 + 11204?
27645
In base 2, what is -101100 - -11101000100110110001?
11101000100110000101
In base 2, what is 10110011111001111111101 + -10?
10110011111001111111011
In base 5, what is 1343 + -2101040?
-2044142
In base 15, what is 5 - 174d8424?
-174d841e
In base 8, what is 374 + 21154?
21550
In base 15, what is -2940 - -1ab1?
-d7e
In base 4, what is -113133023 - -133313?
-112333110
In base 10, what is -26662038 - 4?
-26662042
In base 11, what is -a861 - -2334?
-8528
In base 15, what is -c7 - -50d8c?
50cb5
In base 13, what is 155 - 9863?
-970b
In base 14, what is 6 - 116ba77?
-116ba71
In base 12, what is 4 - -3b319a?
3b31a2
In base 9, what is -200886 - 46?
-201043
In base 6, what is -100 + 1444023?
1443523
In base 6, what is -3305 - -2203130?
2155421
In base 14, what is 2633 + -120?
2513
In base 14, what is 180b8b - 17?
180b74
In base 6, what is -222314 - 123554?
-350312
In base 11, what is 1098a5 + 313?
10a108
In base 11, what is 68046 - -64?
680aa
In base 5, what is -131021211 + 10213?
-131010443
In base 4, what is 32232010 - 1100?
32230310
In base 16, what is -6c + -df3b?
-dfa7
In base 15, what is -1751a4 - -3?
-1751a1
In base 2, what is -10111011111111 - -11001010?
-10111000110101
In base 9, what is 2 - -3323673?
3323675
In base 12, what is -3b1 - -23b58?
23767
In base 16, what is -5 - 2f4b392?
-2f4b397
In base 9, what is 4 + 834183615?
834183620
In base 8, what is -1 - 506140432?
-506140433
In base 6, what is 15314 + -3244232?
-3224514
In base 16, what is -5 - fb6820?
-fb6825
In base 8, what is -1473 + -3621402?
-3623075
In base 14, what is 359aa + 13b?
35b07
In base 10, what is 100 - 108618?
-108518
In base 9, what is -23230 - 17206?
-41436
In base 6, what is 0 - 144451524?
-144451524
In base 4, what is 2220 + 321201303?
321210123
In base 7, what is -116314 + 3016?
-113265
In base 12, what is 2a - bab7a?
-bab50
In base 12, what is -54 - -541654?
541600
In base 6, what is -20502 - -20142?
-320
In base 16, what is -a17c + -476?
-a5f2
In base 15, what is 13b6461 - 4?
13b645c
In base 12, what is -109b7 + -3a3?
-1119a
In base 11, what is -23aa96 + a8?
-23a999
In base 10, what is -72 + 513737?
513665
In base 3, what is -20200 - -121121210?
121101010
In base 9, what is 121 + 1817553?
1817674
In base 4, what is -32100233 - -3321?
-32030312
In base 3, what is -1210001212220100 - -12?
-1210001212220011
In base 13, what is -250 - -17c642?
17c3c2
In base 14, what is -110d360 - 7?
-110d367
In base 9, what is -1 - 161812384?
-161812385
In base 11, what is 135809 - 1831?
133a88
In base 12, what is 574453 + -4?
57444b
In base 11, what is -60a1 - -1605?
-4597
In base 9, what is 3722843 + 4?
3722847
In base 15, what is 0 - -a4c1e?
a4c1e
In base 7, what is 15043614 - -103?
15044020
In base 3, what is -111012 + -102111021110?
-102111202122
In base 15, what is -9c511 + 3e?
-9c4c2
In base 4, what is -1311131 - 22103222?
-30021013
In base 16, what is -5 + 1e6a61?
1e6a5c
In base 12, what is 76aa36 - -459?
76b293
In base 6, what is -413121 - 5531?
-423052
In base 12, what is 2 - -137329b?
13732a1
In base 16, what is 460 - 3a3?
bd
In base 2, what is -111111101000000000011 + 100?
-111111100111111111111
In base 12, what is -1179 - 3618a?
-37347
In base 8, what is -4 + -46736?
-46742
In base 6, what is 13324 - 23154?
-5430
In 